(-48)/5. Let c(r) = 11*r - 42 + 9*r + 8*r + 7 - 6*r. Is c(q) a composite number?
True
Suppose -7373 = -5*m + 10452. Let v = m + -1924. Is v a composite number?
True
Let d(q) = 983*q**2 - 70*q + 16. Is d(-9) composite?
True
Let o(r) = 8*r**2 - 12*r + 2. Let n = -18 - -29. Let g be o(n). Suppose -g = 2*j - 4*j. Is j prime?
True
Suppose -2*v - 7 + 13 = 0. Let k(i) = -299*i**2 - 2*i + 11. Let h be k(v). Is h/(-2)*3/3 composite?
True
Suppose -12 = 6*g - 9*g. Suppose 4*n - 5 = 3*w, -n - 2*n + 2 = -g*w. Is -2 - (w - 1 - 49) a composite number?
False
Suppose -138*o + 137*o - 5*g + 533499 = 0, o - 4*g - 533445 = 0. Is o prime?
False
Let m(k) = k**2 + 9*k + 7. Let n = -75 + 77. Let w be 1 - 12/1 - n. Is m(w) composite?
False
Let b = 1846 + 257. Is b + 24/15*10/(-4) a composite number?
False
Suppose -16*g + 21*g + 4*y = 1689447, -5*g + 1689465 = -5*y. Is g composite?
False
Let k(u) = -10*u - 308. Let o be k(-33). Suppose -19*j + 181261 = o*j. Is j composite?
False
Suppose -5*k - 2*l = 32592, -3*k = 3*l + 5999 + 13558. Let w = -2858 - k. Suppose -6*n - w = -15294. Is n a composite number?
True
Is 5/(-40)*1 + (-18976153)/(-328) a composite number?
True
Let o(r) = -1600*r + 1 - 13345*r - 2 - 9459*r + 0. Is o(-1) a composite number?
True
Let t be 54603*(-6)/(-12 - 6). Suppose 455*v = 458*v - t. Is v a prime number?
True
Suppose 382069 = 44*q - 159967. Is q a composite number?
True
Suppose 38*b = 373*b - 40964135. Is b a prime number?
False
Suppose 81 + 117 = 6*k. Let m = 35 - k. Suppose -5*s - 2*r = r - 6985, m*r = 0. Is s composite?
True
Let u = 2352 + -2063. Is u composite?
True
Let h(m) = 122730*m + 5623. Is h(5) composite?
False
Suppose 557*i - 574*i = -559079. Is i a prime number?
True
Let l(w) = 4381*w - 230. Let d be l(9). Suppose -26132 = -2*i + 3*u, 2*i + 4*u + d = 5*i. Is i a prime number?
False
Let r(c) be the second derivative of -c**3/3 + 11*c**2 + 4*c. Let o be r(9). Suppose n - 3*m = o*n - 8124, n + 3*m = 2714. Is n composite?
True
Suppose -5*m = 2*l - 10686, 0 = -4*l + 4*m + 9820 + 11608. Is l composite?
True
Let k(t) = t**2 + 4*t + 320. Let l be k(0). Let p = l + 4455. Is (-3 - 72/(-20))/(5/p) a prime number?
False
Let m = 69838 - -87771. Is m a composite number?
True
Suppose 5*h = -2*i - 80, -15 = i + 2*i. Let b = 40 + h. Suppose b = u + 5. Is u a prime number?
False
Suppose -5*n + 1194339 = 3*h, 5*h - 2069834 = 5*n - 79269. Is h prime?
True
Suppose 226*j - 322*j + 9760536 + 604968 = 0. Is j a composite number?
True
Let o = -49769 + 85141. Suppose k + o = 4*s - 0*k, 3*k = 5*s - 44222. Is s composite?
True
Let i(y) = y**2 - 36*y + 95. Let q be i(33). Is q + 4 - -5 - -1494 composite?
False
Let w = -776 - -778. Suppose 25389 = w*h + 3*h + 2*s, s = -3. Is h a prime number?
False
Is -56 + 1568925 - (0 - (2 + -4)) composite?
False
Suppose 3 = f, 5*m - 3*f = f + 7208. Let t = m - -58. Is t composite?
True
Let d be (27/12)/(-9*(-1)/24). Let f be -4 + (1 - d/(-2 - 1)). Is 0 + -1 - f*992 prime?
True
Suppose 0 = -4*j + 5*z + 280398, 3*j + z - 103590 = 106699. Is j composite?
True
Let s be ((-18)/(-12))/(-1 + (-9)/(-6)). Suppose -s*g = d - 1730, 0 = 5*d - d - 5*g - 6869. Is d a prime number?
True
Suppose 36 - 33 = -3*b, 3*m - 2*b = 129071. Is m a composite number?
True
Let i(v) = -2*v - 22. Let u be i(11). Let n = u - -49. Suppose -n*z - 1334 = -4*f - 177, -2*z = -4*f + 1166. Is f composite?
False
Suppose 2944450 + 781999 = 41*h. Is h composite?
True
Let x(h) = 74370*h**2 - 26*h + 27. Is x(1) a composite number?
True
Let t(j) = j + 2*j - j + 14. Let w be t(-6). Suppose 5*k - o - 84 = 3091, -w*k - o = -1270. Is k a prime number?
False
Suppose -36 = -9*q + 54. Let z(x) = 3*x**3 + 5*x**2 - 4*x - 22. Let a be z(-5). Is (-15 + q)*(1 + a) prime?
False
Let s(c) = c**3 - 2*c**2 - 4*c - 3. Let a be s(4). Suppose 8 + a = -7*j. Is j/(-2)*(1 - 655/(-15)) composite?
False
Let t(i) = 5*i**2 - 7*i - 7. Let d(q) = q**2 - 7*q. Suppose 4*g - 2*f - 16 = 0, 5*f - 2 = 2*g + 6. Let j be d(g). Is t(j) composite?
True
Let p(l) = -l**3 - 10*l**2 - 8*l + 13. Let d = 6 + -15. Let f be p(d). Suppose 205 = f*x - 303. Is x a prime number?
True
Let j = 215288 - 64987. Is j a composite number?
False
Suppose 0 = -20*r + 59628 + 43432. Suppose 3*l + 15503 = -0*l - 2*w, l - 3*w + r = 0. Let a = 1904 - l. Is a prime?
True
Let s(r) = 1103*r**2 - 166*r - 11. Is s(-6) a prime number?
True
Suppose n + 4*k + 4 + 2 = 0, n = 2*k + 18. Suppose z = -4*s - z + n, 20 = -s + 4*z. Suppose f = -3*x + 2376, -4*x - f - 4*f + 3179 = s. Is x composite?
True
Let b be 2 + 4*1*(-94)/8. Let y = b + -112. Let k = 1352 + y. Is k a composite number?
True
Suppose 4*t - 5*g = 13110, -3*t + 3*g = -8080 - 1751. Let y = t - -1634. Is y composite?
False
Suppose 1145 = f + 5*w, 0 = 2*f - 2*w + 469 - 2783. Let a = f + 206. Is a composite?
False
Suppose -5*s = -3*s - 88. Let t be (-408 + -1)/((-11)/s). Suppose -4*m - t = -6*m. Is m a composite number?
True
Let l(w) be the first derivative of -708*w**2 - 6*w + 9. Let o be l(-4). Suppose -o = -7*h + h. Is h a prime number?
False
Let a = 32 + -1. Let x = 55 - a. Suppose -10*u - 322 = -x*u. Is u composite?
False
Let o = 357020 + -165241. Is o prime?
False
Is (-3 - -1)*20/(-8)*8805041/365 prime?
False
Let s be -43*1/(-5) - 51/85. Let v(t) = 48*t**2 - 9*t + 5. Let q be v(s). Suppose -4*u = -q + 1057. Is u composite?
False
Suppose 1075 = 3*l + 3*a - 698, 0 = 2*l - 3*a - 1182. Suppose -2554 = -5*n + l. Is n composite?
True
Suppose 2*x - 2 = -w + 3, -3*x + 5 = 2*w. Let l be (2 - 1 - -1)/(x/50). Let t = l - 1. Is t a prime number?
True
Let u = -650 + 658. Is -8007*1*u/(-24) a composite number?
True
Let c(k) = 5471*k**2 + 30*k - 19. Is c(1) a prime number?
False
Let s(d) = -2*d**3 - 26*d**2 + 25*d - 20. Let z be s(-14). Is 66/363 + 5122/z a composite number?
False
Suppose 12*t - 9*t = 240. Let x(z) = 4*z - 4. Let o be x(2). Suppose -o*y = -1084 + t. Is y prime?
True
Let y(w) be the second derivative of 5945*w**4/12 + w**3/6 - w**2/2 - 22*w. Let n be y(1). Suppose 4*i - n = -i. Is i a prime number?
False
Let r = -173764 - -668015. Is r a prime number?
True
Suppose 54*x - 52*x - 2537592 = -4*b, 0 = 2*b - 5*x - 1268784. Is b composite?
False
Let t(z) = -319*z**2 - 4*z + 11. Let v(b) = 318*b**2 + 5*b - 10. Let k(o) = 3*t(o) + 4*v(o). Is k(4) a composite number?
True
Suppose 0 = -p + 2*h - 137, -3*p - 7*h + 5*h = 403. Is ((-189)/p)/((-1)/(-335)) a composite number?
True
Let d(g) = g**3 - 194*g + 6509. Is d(46) a composite number?
True
Let x be -2*(-2)/2*84/(-42). Let b(f) = -f**2 - 1. Let h(p) = -4*p**2 + p + 18. Let v(m) = -5*b(m) + h(m). Is v(x) a prime number?
False
Let x be (-8810)/(-6) - 2/6. Suppose -3*b + 15 = 3*k, -5*b + 19 = 50*k - 48*k. Suppose -b*m - 3*z + 3360 = 0, 0 = 4*m - z - 5933 + x. Is m composite?
False
Suppose -2*f + 2 = 0, 3*a - 336874 = f + 1010404. Is a a composite number?
False
Let l be (-1 - 3)/(-11 - -9). Suppose l*z - 4 = 4, 0 = 3*v + 2*z - 8. Let r(o) = -2*o + 386. Is r(v) a composite number?
True
Let h be -10*(820/32)/((-2)/(-8)). Suppose -a + 326 = -4*q - 3452, -2*a = -4*q - 7544. Let p = h + a. Is p prime?
True
Suppose -2*g - 163374 + 407105 = 3*u, 0 = 2*u - 5*g - 162500. Is u a prime number?
False
Let p(g) = g**2 + 2*g - 66. Let b be p(7). Is (24/60)/(b/(-1065)) + 3 a composite number?
True
Let j be ((-5)/3)/(2/(-5904)*2). Suppose j = 29*w - 32*w. Let o = w + 1813. Is o prime?
False
Let j be -9 + (6 - 2) - -1236. Let z = j + -320. Is z a composite number?
False
Suppose m - 3*n + 0*n + 16 = 0, 2*m - 4*n + 30 = 0. Let w(x) = -x**3 - 6*x**2 - 18*x - 38. Is w(m) composite?
True
Suppose -166 = -8*t + 42. Let w = t - 13. Suppose -2*c + 73 = 5*m, 42 = m + 4*c + w. Is m a composite number?
False
Let d = 1390 + -244. Let l = 2999 - d. Is l a composite number?
True
Suppose 6*q - 27*q = -2*b + 1158419, -3*b + 1737870 = 3*q. Is b a composite number?
False
Suppose 9008 = 2*v - 10*v. Let w = v - -2528. Is w a prime number?
False
Suppose 5*p + 0 = 25. Suppose 0 = 3*d - p*d + 10. Suppose -5*o + 945 = -d*v, 0 = 2*o - o + 4*v - 169. Is o a prime number?
False
Let q(y) = -y**3 + y**2 + 26*y + 8101. Is q(0) prime?
True
Suppose -1591914 - 779559 = -117*h. Is h a prime number?
True
Is (10 + 287329/(-84))*-12 prime?
True
Let t(s) = -s**3 - 5*s**2 - s - 5. Let n be t(-5). L